{"id":1227,"date":"2021-09-03T10:48:21","date_gmt":"2021-09-03T08:48:21","guid":{"rendered":"https:\/\/ewatts-tech.com\/politica-de-proteccion-de-datos\/"},"modified":"2021-10-06T09:59:50","modified_gmt":"2021-10-06T07:59:50","slug":"politica-de-proteccio-de-dades","status":"publish","type":"page","link":"https:\/\/ewatts-tech.com\/ca\/politica-de-proteccio-de-dades\/","title":{"rendered":"Pol\u00edtica de protecci\u00f3 de dades"},"content":{"rendered":"\n<h1 class=\"wp-block-heading\"><strong><strong>EL NOSTRE COMPROM\u00cdS AMB LA PROTECCI\u00d3 DE DADES PERSONALS: \u201cPERSONES INFORMADES I DADES PROTEGIDES\u201d<\/strong><\/strong><\/h1>\n\n\n\n<p>La Direcci\u00f3 \/ \u00d2rgan de Govern de <strong>E-WATTS&nbsp;TECHNOLOGIES&nbsp;S.L.<\/strong> (d&#8217;ara endavant, el responsable del tractament), assumeix la m\u00e0xima responsabilitat i comprom\u00eds amb l&#8217;establiment, implementaci\u00f3 i manteniment de la present Pol\u00edtica de Protecci\u00f3 de Dades, garantint la millora cont\u00ednua del responsable del tractament amb l&#8217;objectiu d&#8217;aconseguir l&#8217;excel\u00b7l\u00e8ncia en relaci\u00f3 amb el compliment del Reglament (UE) 2016\/679 del Parlament Europeu i del Consell, de 27 d&#8217;abril de 2016, relatiu a la protecci\u00f3 de les persones f\u00edsiques pel que fa al tractament de dades personals i a la lliure circulaci\u00f3 d&#8217;aquestes dades i pel qual es deroga la Directiva&nbsp;95\/46\/CE (Reglament general de protecci\u00f3 de dades) (DOUE&nbsp;L 119\/1, 04-05-2016), i de la normativa espanyola de protecci\u00f3 de dades de car\u00e0cter personal (Llei org\u00e0nica, legislaci\u00f3 sectorial espec\u00edfica i les seves normes de desenvolupament).<\/p>\n\n\n\n<p><br>La Pol\u00edtica de Protecci\u00f3 de Dades de <strong>E-WATTS&nbsp;TECHNOLOGIES&nbsp;S.L.<\/strong> descansa en el principi de responsabilitat proactiva, segons el qual el responsable del tractament \u00e9s responsable del compliment del marc normatiu i jurisprudencial que governa aquesta Pol\u00edtica, i \u00e9s capa\u00e7 de demostrar-lo davant les autoritats de control competents.<\/p>\n\n\n\n<p>En tal sentit, el responsable del tractament es regir\u00e0 pels seg\u00fcents principis que han de servir a tot el seu personal com a guia i marc de refer\u00e8ncia en el tractament de dades personals:<\/p>\n\n\n\n<ol class=\"wp-block-list\"><li>Protecci\u00f3 de dades des del disseny: el responsable del tractament aplicar\u00e0, tant en el moment de determinar els mitjans de tractament com en el moment del&nbsp;mateix&nbsp;tractament, mesures t\u00e8cniques i organitzatives apropiades, com la&nbsp;pseudonimitzaci\u00f3, concebudes per a aplicar de manera efectiva els principis de protecci\u00f3 de dades, com la minimitzaci\u00f3 de dades, i integrar les garanties necess\u00e0ries en el tractament.<\/li><li>Protecci\u00f3 de dades per defecte: el responsable del tractament aplicar\u00e0 les mesures t\u00e8cniques i organitzatives apropiades amb la intenci\u00f3 de garantir que, per defecte, nom\u00e9s siguin objecte de tractament les dades personals que siguin necessaris per a cadascun dels fins espec\u00edfics del tractament.<\/li><li>Protecci\u00f3 de dades en el cicle de vida de la informaci\u00f3: les mesures que garanteixin la protecci\u00f3 de les dades personals seran aplicables durant el cicle complet de la vida de la informaci\u00f3.<\/li><li>Licitud, lleialtat i transpar\u00e8ncia: les dades personals seran tractats de manera l\u00edcita, lleial i transparent en relaci\u00f3 amb l&#8217;interessat. <\/li><li>Limitaci\u00f3 de la finalitat: les dades personals seran recollits amb finalitats&nbsp;determinades, expl\u00edcits i leg\u00edtims, i no seran tractats ulteriorment de manera incompatible amb aquests fins.<\/li><li>Minimitzaci\u00f3 de dades: les dades personals seran adequats, pertinents i limitats al necessari en relaci\u00f3 amb els fins per als quals s\u00f3n tractats.<\/li><li>Exactitud: les dades personals seran exactes i, si fos necessari, actualitzats; s&#8217;adoptaran totes les mesures raonables perqu\u00e8 se suprimeixin o rectifiquin sense dilaci\u00f3 les dades personals que siguin inexactes respecte als fins per als quals es tracten.<\/li><li>Limitaci\u00f3 del termini de conservaci\u00f3: les dades personals seran mantinguts de manera que es permeti la identificaci\u00f3 dels interessats durant&nbsp;nom\u00e9s&nbsp;el temps necessari per als fins del tractament de les dades personals.<\/li><li>Integritat i confidencialitat: les dades personals seran tractades de tal manera que es garanteixi una seguretat adequada de les dades personals, inclosa la protecci\u00f3 contra el tractament no autoritzat o il\u00b7l\u00edcit i contra la seva p\u00e8rdua, destrucci\u00f3 o mal accidental, mitjan\u00e7ant l&#8217;aplicaci\u00f3 de mesures t\u00e8cniques o organitzatives apropiades.<\/li><li>Informaci\u00f3 i formaci\u00f3: una de les claus per a garantir la protecci\u00f3 de les dades personals \u00e9s la formaci\u00f3 i informaci\u00f3 que es faciliti al personal involucrat en el tractament d&#8217;aquests. Durant el cicle de vida de la informaci\u00f3, tot el personal amb acc\u00e9s a les dades ser\u00e0 convenientment format i informat sobre les seves obligacions en relaci\u00f3 amb el compliment de la normativa de protecci\u00f3 de dades.<\/li><\/ol>\n\n\n\n<p>La Pol\u00edtica de Protecci\u00f3 de Dades de <strong>E-WATTS&nbsp;TECHNOLOGIES&nbsp;S.<\/strong>L. \u00e9s comunicada a tot el personal del responsable del tractament i posada a la disposici\u00f3 de totes les parts interessades.<\/p>\n\n\n\n<p>En la seva conseq\u00fc\u00e8ncia, la present Pol\u00edtica de Protecci\u00f3 de Dades involucra a tot el personal de responsable del tractament, que ha de con\u00e8ixer-la i assumir-la, considerant-la com a pr\u00f2pia, sent cada membre responsable d&#8217;aplicar-la i de verificar les normes de protecci\u00f3 de dades aplicables a la seva activitat, aix\u00ed com identificar i aportar les oportunitats de millora que consideri oportunes amb l&#8217;objectiu d&#8217;aconseguir l&#8217;excel\u00b7l\u00e8ncia en relaci\u00f3 amb el seu compliment.<\/p>\n\n\n\n<p>Aquesta Pol\u00edtica ser\u00e0 revisada per la Direcci\u00f3 \/ \u00d2rgan de Govern de <strong>E-WATTS&nbsp;TECHNOLOGIES&nbsp;S.L.<\/strong>, tantes vegades com es consideri necessari, per a adequar-se, en tot moment, a les disposicions vigents en mat\u00e8ria de protecci\u00f3 de dades de car\u00e0cter personal.<\/p>\n","protected":false},"excerpt":{"rendered":"<p>EL NOSTRE COMPROM\u00cdS AMB LA PROTECCI\u00d3 DE DADES PERSONALS: \u201cPERSONES INFORMADES I DADES PROTEGIDES\u201d La Direcci\u00f3 \/ \u00d2rgan de Govern de E-WATTS&nbsp;TECHNOLOGIES&nbsp;S.L. (d&#8217;ara endavant, el responsable del tractament), assumeix la [&hellip;]<\/p>\n","protected":false},"author":1,"featured_media":0,"parent":0,"menu_order":0,"comment_status":"closed","ping_status":"closed","template":"","meta":{"footnotes":""},"class_list":["post-1227","page","type-page","status-publish","hentry"],"_links":{"self":[{"href":"https:\/\/ewatts-tech.com\/ca\/wp-json\/wp\/v2\/pages\/1227","targetHints":{"allow":["GET"]}}],"collection":[{"href":"https:\/\/ewatts-tech.com\/ca\/wp-json\/wp\/v2\/pages"}],"about":[{"href":"https:\/\/ewatts-tech.com\/ca\/wp-json\/wp\/v2\/types\/page"}],"author":[{"embeddable":true,"href":"https:\/\/ewatts-tech.com\/ca\/wp-json\/wp\/v2\/users\/1"}],"replies":[{"embeddable":true,"href":"https:\/\/ewatts-tech.com\/ca\/wp-json\/wp\/v2\/comments?post=1227"}],"version-history":[{"count":4,"href":"https:\/\/ewatts-tech.com\/ca\/wp-json\/wp\/v2\/pages\/1227\/revisions"}],"predecessor-version":[{"id":1253,"href":"https:\/\/ewatts-tech.com\/ca\/wp-json\/wp\/v2\/pages\/1227\/revisions\/1253"}],"wp:attachment":[{"href":"https:\/\/ewatts-tech.com\/ca\/wp-json\/wp\/v2\/media?parent=1227"}],"curies":[{"name":"wp","href":"https:\/\/api.w.org\/{rel}","templated":true}]}}

Política de protecció de dades

<h1 class="wp-block-heading"><strong><strong>EL NOSTRE COMPROMÍS AMB LA PROTECCIÓ DE DADES PERSONALS: “PERSONES INFORMADES I DADES PROTEGIDES”</strong></strong></h1>



<p>La Direcció / Òrgan de Govern de <strong>E-WATTS&nbsp;TECHNOLOGIES&nbsp;S.L.</strong> (d&#8217;ara endavant, el responsable del tractament), assumeix la màxima responsabilitat i compromís amb l&#8217;establiment, implementació i manteniment de la present Política de Protecció de Dades, garantint la millora contínua del responsable del tractament amb l&#8217;objectiu d&#8217;aconseguir l&#8217;excel·lència en relació amb el compliment del Reglament (UE) 2016/679 del Parlament Europeu i del Consell, de 27 d&#8217;abril de 2016, relatiu a la protecció de les persones físiques pel que fa al tractament de dades personals i a la lliure circulació d&#8217;aquestes dades i pel qual es deroga la Directiva&nbsp;95/46/CE (Reglament general de protecció de dades) (DOUE&nbsp;L 119/1, 04-05-2016), i de la normativa espanyola de protecció de dades de caràcter personal (Llei orgànica, legislació sectorial específica i les seves normes de desenvolupament).</p>



<p><br>La Política de Protecció de Dades de <strong>E-WATTS&nbsp;TECHNOLOGIES&nbsp;S.L.</strong> descansa en el principi de responsabilitat proactiva, segons el qual el responsable del tractament és responsable del compliment del marc normatiu i jurisprudencial que governa aquesta Política, i és capaç de demostrar-lo davant les autoritats de control competents.</p>



<p>En tal sentit, el responsable del tractament es regirà pels següents principis que han de servir a tot el seu personal com a guia i marc de referència en el tractament de dades personals:</p>



<ol class="wp-block-list"><li>Protecció de dades des del disseny: el responsable del tractament aplicarà, tant en el moment de determinar els mitjans de tractament com en el moment del&nbsp;mateix&nbsp;tractament, mesures tècniques i organitzatives apropiades, com la&nbsp;pseudonimització, concebudes per a aplicar de manera efectiva els principis de protecció de dades, com la minimització de dades, i integrar les garanties necessàries en el tractament.</li><li>Protecció de dades per defecte: el responsable del tractament aplicarà les mesures tècniques i organitzatives apropiades amb la intenció de garantir que, per defecte, només siguin objecte de tractament les dades personals que siguin necessaris per a cadascun dels fins específics del tractament.</li><li>Protecció de dades en el cicle de vida de la informació: les mesures que garanteixin la protecció de les dades personals seran aplicables durant el cicle complet de la vida de la informació.</li><li>Licitud, lleialtat i transparència: les dades personals seran tractats de manera lícita, lleial i transparent en relació amb l&#8217;interessat. </li><li>Limitació de la finalitat: les dades personals seran recollits amb finalitats&nbsp;determinades, explícits i legítims, i no seran tractats ulteriorment de manera incompatible amb aquests fins.</li><li>Minimització de dades: les dades personals seran adequats, pertinents i limitats al necessari en relació amb els fins per als quals són tractats.</li><li>Exactitud: les dades personals seran exactes i, si fos necessari, actualitzats; s&#8217;adoptaran totes les mesures raonables perquè se suprimeixin o rectifiquin sense dilació les dades personals que siguin inexactes respecte als fins per als quals es tracten.</li><li>Limitació del termini de conservació: les dades personals seran mantinguts de manera que es permeti la identificació dels interessats durant&nbsp;només&nbsp;el temps necessari per als fins del tractament de les dades personals.</li><li>Integritat i confidencialitat: les dades personals seran tractades de tal manera que es garanteixi una seguretat adequada de les dades personals, inclosa la protecció contra el tractament no autoritzat o il·lícit i contra la seva pèrdua, destrucció o mal accidental, mitjançant l&#8217;aplicació de mesures tècniques o organitzatives apropiades.</li><li>Informació i formació: una de les claus per a garantir la protecció de les dades personals és la formació i informació que es faciliti al personal involucrat en el tractament d&#8217;aquests. Durant el cicle de vida de la informació, tot el personal amb accés a les dades serà convenientment format i informat sobre les seves obligacions en relació amb el compliment de la normativa de protecció de dades.</li></ol>



<p>La Política de Protecció de Dades de <strong>E-WATTS&nbsp;TECHNOLOGIES&nbsp;S.</strong>L. és comunicada a tot el personal del responsable del tractament i posada a la disposició de totes les parts interessades.</p>



<p>En la seva conseqüència, la present Política de Protecció de Dades involucra a tot el personal de responsable del tractament, que ha de conèixer-la i assumir-la, considerant-la com a pròpia, sent cada membre responsable d&#8217;aplicar-la i de verificar les normes de protecció de dades aplicables a la seva activitat, així com identificar i aportar les oportunitats de millora que consideri oportunes amb l&#8217;objectiu d&#8217;aconseguir l&#8217;excel·lència en relació amb el seu compliment.</p>



<p>Aquesta Política serà revisada per la Direcció / Òrgan de Govern de <strong>E-WATTS&nbsp;TECHNOLOGIES&nbsp;S.L.</strong>, tantes vegades com es consideri necessari, per a adequar-se, en tot moment, a les disposicions vigents en matèria de protecció de dades de caràcter personal.</p>

<p>EL NOSTRE COMPROMÍS AMB LA PROTECCIÓ DE DADES PERSONALS: “PERSONES INFORMADES I DADES PROTEGIDES” La Direcció / Òrgan de Govern de E-WATTS&nbsp;TECHNOLOGIES&nbsp;S.L. (d&#8217;ara endavant, el responsable del tractament), assumeix la [&hellip;]</p>
